5/60 + g**4/6 - g**3/6 + 11*g**2. Give y(4).
-1
Let w(k) = 35 - 3*k - 2*k**2 + 3*k - 9*k + k**2 - 29. Suppose 0*i + 10 = -i. Determine w(i).
-4
Let a be ((-34)/(-255))/((-2)/(-5)). Let n(x) be the first derivative of -a*x**3 - 2*x**2 + x + 6. Calculate n(-3).
4
Let v(h) = -h + 4. Suppose 9*o + 137 - 65 = 0. Calculate v(o).
12
Let p(q) = -3*q + 2*q - q - 2 + q**2. Suppose a + 4*a = 80. Let o = -13 + a. Determine p(o).
1
Let k = -112 + 106. Let p(x) = x**3 + 7*x**2 + 8*x + 2. Give p(k).
-10
Let u be (-6 - -4) + 2 - -4. Suppose -3*q + 5*s = 16, 0 = -u*q - s + 1 - 7. Let w(o) = -2*o**3 - 3*o**2 - 2*o - 2. Calculate w(q).
6
Let j(a) = -a**3 - 9*a**2 + 3*a**2 + 7*a + 7 + 0*a**3. Let p be (-10 - -16) + 2 + -15. What is j(p)?
7
Let z = -12 + 15. Suppose v - 5*v - 7 = -3*c, -c - 4*v = -13. Let m(n) = -2*n + 6*n - c + 2*n + 2. Calculate m(z).
15
Suppose -2*h = 351 - 357. Let b(s) = s**3 - 2*s**2 - 3*s - 1. What is b(h)?
-1
Let d(k) = -2*k**2 - 2*k. Let p(o) = -o**3 - 13*o**2 - 10*o + 4. Let l(t) = -6*d(t) + p(t). Give l(-2).
4
Suppose -2*l = -6*l. Let i(m) be the third derivative of 5/24*m**4 - 3*m**2 + 0*m + 1/3*m**3 + l. Give i(-2).
-8
Suppose -6*d = -8*d + 26. Let r(w) = -45*w**2 + 2*w - 15. Let u(x) = -22*x**2 + x - 7. Let j(a) = d*u(a) - 6*r(a). Calculate j(1).
-16
Let q(s) be the second derivative of -s**4/12 + 11*s**3/3 - 31*s**2/2 + 5*s - 26. What is q(21)?
-10
Suppose 0 = 4*k - 4*l, k - 10 = -4*k + 3*l. Suppose 4*n - 57 = -k*c, 4*n + 11 = -c + 48. Let z(m) = m**2 - 9*m - 4. Give z(n).
-12
Let a(x) = -7*x + 20. Let i be a(0). Suppose 18*r - i*r = 16. Let k(f) = -f**3 - 9*f**2 - 10*f - 5. Give k(r).
11
Let j(g) = g**2 - 3*g + 1. Let s = -12 - -12. Let z(t) = -t**3 - 3*t**2 - 2*t - 2. Let l be z(-3). Suppose 5*v + 25 = s, -2*v = 4*w - w + l. Give j(w).
-1
Let z(y) = 4*y**2 - 2*y**2 - 2*y**2 + 5*y + y**2 + 2*y + 5. Suppose -5*r = -r + 24. Give z(r).
-1
Let u be (-1 - 4) + 2 + 3. Suppose u*o - 12 = 4*s - 2*o, -3*s + 13 = 4*o. Let d(z) = 4*z + 1. Calculate d(s).
-3
Let l(s) = -5*s - 888 + 1766 - 886. Give l(4).
-28
Let o be 126/(10/2 + -3). Let a = -67 + o. Let l(k) = -2*k + 3. Calculate l(a).
11
Let x(n) = -8*n**3 + n - 1. Let o = -252 - -253. What is x(o)?
-8
Let o(p) = -p**2 - 6*p - 8. Let n(l) = -l**2 - 7*l - 4. Let a be n(-7). Let q be 56/(-7)*2/a. Suppose 0 = -q*b - 8 - 16. Calculate o(b).
-8
Let u(f) = 12*f + 5. Suppose q = -27*q - 28. Determine u(q).
-7
Let z(o) = -4*o - 142. Let a be z(-35). Let x(s) = 3*s**3 + s**2 - 2*s - 3. Determine x(a).
-19
Let v be (-60)/84 + 1 + (-5)/42. Let y(b) be the second derivative of 0 - 3*b + v*b**3 + 3/2*b**2. Determine y(-6).
-3
Let l(n) = -5*n**2 - 7*n + 16. Let x(o) = -2*o - 4 - o**2 - 4 + 12. Let f(d) = -2*l(d) + 9*x(d). Calculate f(5).
9
Let a = -20 - -29. Suppose 11*i + 10 = a*i. Let t(l) = -l**2 - 2*l + 4. Calculate t(i).
-11
Let d = -14 - -16. Let t(q) be the first derivative of q**5/15 - q**4/24 - q**3/3 + 4*q**2 - 1. Let s(c) be the second derivative of t(c). Determine s(d).
12
Let t(d) = -3*d**2 - 6*d - 3. Let q(i) = -i**2 - 2*i - 1. Suppose -4*k - 12 = -4. Let h(a) = k*t(a) + 7*q(a). Let m = -59456 + 59453. What is h(m)?
-4
Let o(x) = 0 - x - 6*x - 1. Let q(w) = -w - 1. Suppose 5*g - 2*g = -i - 2, -5*g - i - 6 = 0. Let y be q(g). Determine o(y).
-8
Let w(p) be the third derivative of p**7/2520 + p**6/240 - p**5/30 + p**4/2 + 11*p**2. Let d(n) be the second derivative of w(n). Calculate d(-4).
0
Suppose 7 = -j + 8, 5*j = -4*n + 53. Let o(k) = k**3 - 12*k**2 + k + 10. Give o(n).
22
Let i(q) = 1. Let b(d) = d - 1. Let h be (-1)/(-3) + 105/9. Suppose 0*u - 3*u = 3*v + h, u - 3*v - 8 = 0. Let r(p) = u*b(p) - i(p). Give r(1).
-1
Let a(o) = -3*o - 10. Let g(q) = q + 2. Let h(v) = 3*a(v) + 12*g(v). Calculate h(-7).
-27
Let c(x) = 2*x**3 - 25*x**2 + 32*x - 30. Let g(r) = -r**3 + 12*r**2 - 15*r + 15. Let s(z) = -6*c(z) - 13*g(z). Calculate s(6).
3
Let o(u) = u**2 - u - 12. Suppose -5*d - 43 = -4*r - 5, -4*d - 22 = r. Determine o(d).
30
Let j(b) = b. Suppose f + d - 3 + 15 = 0, -4*d - 63 = 5*f. Let g = f - -16. Let w be 5/(-25) - g/(-5). Give j(w).
0
Suppose 4*a - 26 = -0*u - 5*u, a = -5*u + 14. Let g be (u - 0) + -14 + 7. Let x(n) = -4*n + 1. What is x(g)?
21
Let c(a) = a**3 + 11*a**2 + 8*a - 13. Let r(w) = -2*w**2 - w. Let h be r(2). Calculate c(h).
7
Suppose d = -9*d - 60. Let a(y) = -3*y - 26. Let t(z) = 2*z + 17. Let j(w) = -5*a(w) - 8*t(w). Calculate j(d).
0
Let x = 16 - 7. Let m(o) = -30*o - 20. Let j(s) = -11*s - 7. Let y(u) = -11*j(u) + 4*m(u). Calculate y(x).
6
Let y(r) = -r**3 - 3*r**2 - 4*r - 6. Let d be y(-3). Let u(l) = -125*l + 6 - 4 + 126*l. Give u(d).
8
Suppose -3*o = 15, -13 = 4*y - 3*y + 2*o. Suppose 2*j = 8*j - 12. Let d(u) = -4*u - j*u**2 - 22 + 2*u + 21. What is d(y)?
-13
Let x(h) = h - 1. Let p(z) = -5*z - 2. Let q(i) = 9*i + 2. Let a(u) = -5*p(u) - 3*q(u). Let j(d) = a(d) + 3*x(d). Determine j(2).
3
Let a(g) = 3*g + 2. Let o(w) = 14*w + 10. Let p(d) = -11*a(d) + 2*o(d). Calculate p(-2).
8
Let s be (((-26)/(-12))/(-13))/((-1)/3). Let a(h) be the second derivative of -s*h**2 + 0*h**3 - 6*h + 0 + 1/6*h**4 + 1/4*h**5. Give a(-1).
-4
Let h(q) = -4*q + 1. Suppose 0 = -4*o - 4*u - 20, 5*o - 21 = -u - 54. What is h(o)?
29
Let n(f) = -f. Let d(p) = -4 - 6*p + p**2 + 2 + 3*p - 1. Let b(q) = d(q) - 6*n(q). What is b(-5)?
7
Let z(s) = 14*s**2 - s + 1. Let c be z(1). Suppose 4*d = -3*d + c. Let b(n) = 1 - 5 - 2*n - n**2 + 3 + 3*n**2. Calculate b(d).
3
Let v(o) = o**2 + 15*o - 21. Suppose -4*r - 39*k + 38*k - 68 = 0, -4*r - 5*k - 84 = 0. What is v(r)?
-5
Let h(f) = f. Suppose 4*y = -4*v - v + 140, -v - 5*y = -7. Let l = 26 - v. Determine h(l).
-6
Suppose 5*j + 0*l = -3*l + 19, 2*l - 1 = -j. Suppose 0*n = -j*n. Let f(y) = -5*y**2 - 2. Let z(c) = -14*c**2 - 6. Let v(r) = -17*f(r) + 6*z(r). What is v(n)?
-2
Let t(m) = 6*m. Let g(b) = b**2 - 5*b + 7. Let v be (4/((-24)/3))/((-2)/12). Let n be g(v). What is t(n)?
6
Suppose -11*l + 17 + 27 = 0. Let j(d) be the first derivative of 7*d + 6 + 1/4*d**l - 5/3*d**3 - 7/2*d**2. Determine j(6).
1
Let i(a) = -3*a - 2. Let p be ((-16)/(-6))/((-1)/(-3)). Suppose 16*z - 25 = 55. Suppose z*c + p = -2. Calculate i(c).
4
Let r(x) = 3*x + 9. Suppose 2*d = -10, 5*i - 5*d = -2*d - 15. Determine r(i).
-9
Let d(j) = j**3 - 2*j - 2. Let h be d(-2). Let y(q) = -3*q - 1. Determine y(h).
17
Suppose 70 = 5*x + 3*l - 6, 18 = 2*x - 5*l. Let q(n) = -n + 16. Determine q(x).
2
Let w be (-2)/(-25) + 9900/1250. Let p(z) = -z**3 + 8*z**2 + 3*z - 9. Calculate p(w).
15
Let i(j) = j**3 + 12*j**2 + 9*j - 17. Let t be i(-11). Let k(b) = 2 - 21*b + 17*b + t*b. Calculate k(7).
9
Let g(i) = 16*i**3. Let z be g(1). Let p(j) = -j**2 + 16*j + 3. Let m be p(z). Let q(n) = -21 + m*n - 23 + 38 + n**2 + 4*n. Determine q(-7).
-6
Let y(u) be the second derivative of 2*u + 1/2*u**2 + 1/12*u**4 + 0 + 1/20*u**5 - 1/3*u**3. Let o = 137 + -135. Calculate y(o).
9
Let k(v) = -10*v**2 + 4*v + 44. Let r(i) = -7*i**2 + 3*i + 29. Let f(g) = -5*k(g) + 7*r(g). Let z be -2 + (-1 - -1) - -2. Suppose z = 5*w - 17*w. What is f(w)?
-17
Let d(z) be the second derivative of -z**4/12 + 5*z**2/2 - 6*z + 5. What is d(0)?
5
Suppose -3*w + 40 = 7*w. Suppose 6 = -w*b + 7*b + 3*g, b - 5*g = -22. Let y(r) = 3*r**2 + r. Calculate y(b).
10
Let b be (-3)/((-1)/2 - 1). Let x(y) = y**3 - 2*y**2 + y - 1. Calculate x(b).
1
Let x(q) = q + 19. Let g = -494 - -486. Give x(g).
11
Let i(p) = 10*p - 10. Let y(u) = -3*u + 3. Let q(a) = -2*i(a) - 7*y(a). Let v(o) = o - 10. Let z be v(6). Let f be 12/(-18) + z/(-6). What is q(f)?
-1
Let q(n) be the first derivative of n**3/3 + 5*n**2/2 - 2*n - 1. Let o be (-4)/(-10) + (-32)/5. What is q(o)?
4
Let p(h) = -h - 24. Suppose -4*q + 3*v - 56 = 0, 4*q + 2*v - 7*v = -64. What is p(q)?
-13
Let b be 6*((-6)/(-9)*1 + 0). Suppose 5*i + 2*j = -0*j - 18, -3*i - 22 = b*j. Let q(m) = -m**3 - 3*m**2 - m. Give q(i).
-2
Suppose -t + 0*t = 0. Let o(u) be the second derivative of u**4/12 - u**3/6 - 8*u**2 + u + 7. Calculate o(t).
-16
Suppose -5 = 3*m + 37. Let w be (4 + -2)*m/(-4). Suppose -3*z + 5*r - 4 = 0, -z - 3*r - w = r. Let x(d) = d**3 + 3*d**2 + 2*d + 4. Calculate x(z).
-2
Let p = 63 + -43. Suppose 4*d = -d - p. Let b(s) be the first derivative of s**3/3 + s**2 - 5*s - 4. Determine b(d).
3
Let j(d) be t